{"id":445,"date":"2024-07-07T14:53:28","date_gmt":"2024-07-07T12:53:28","guid":{"rendered":"https:\/\/semelesoleil-photographie.com\/?page_id=445"},"modified":"2024-07-31T11:28:33","modified_gmt":"2024-07-31T09:28:33","slug":"seance-famille-m","status":"publish","type":"page","link":"https:\/\/semelesoleil-photographie.com\/index.php\/seance-famille-m\/","title":{"rendered":"S\u00e9ance photo famille de M."},"content":{"rendered":"\n<div style=\"width:100%\"><div class=\"wd_error\"><p><strong>There is no gallery selected or the gallery was deleted.<\/strong><\/p><\/div><\/div>\n\n\n\n<div class=\"wp-block-buttons is-content-justification-center is-layout-flex wp-container-core-buttons-is-layout-16018d1d wp-block-buttons-is-layout-flex\">\n<div class=\"wp-block-button is-style-outline is-style-outline--1\"><a class=\"wp-block-button__link has-text-align-center wp-element-button\" href=\"https:\/\/semelesoleil-photographie.com\/index.php\/contact\/\">Je r\u00e9serve ma s\u00e9ance !<\/a><\/div>\n<\/div>\n","protected":false},"excerpt":{"rendered":"","protected":false},"author":1,"featured_media":0,"parent":0,"menu_order":0,"comment_status":"closed","ping_status":"closed","template":"","meta":{"_monsterinsights_skip_tracking":false,"_monsterinsights_sitenote_active":false,"_monsterinsights_sitenote_note":"","_monsterinsights_sitenote_category":0,"_kadence_starter_templates_imported_post":false,"iawp_total_views":50,"two_page_speed":[],"_vp_format_video_url":"","_vp_image_focal_point":[],"footnotes":""},"categories":[],"class_list":["post-445","page","type-page","status-publish","hentry"],"yoast_head":"<!-- This site is optimized with the Yoast SEO plugin v27.4 - https:\/\/yoast.com\/product\/yoast-seo-wordpress\/ -->\n<title>S\u00e9ance photo famille de M. - S\u00e8me le Soleil<\/title>\n<meta name=\"description\" content=\"S\u00e9ance en famille pour Marie, son conjoint et leur fils de 4 ans. Promenade amusante sur Saint-Malo avec une vue mer\" \/>\n<meta name=\"robots\" content=\"index, follow, max-snippet:-1, max-image-preview:large, max-video-preview:-1\" \/>\n<link rel=\"canonical\" href=\"https:\/\/semelesoleil-photographie.com\/index.php\/seance-famille-m\/\" \/>\n<meta property=\"og:locale\" content=\"fr_FR\" \/>\n<meta property=\"og:type\" content=\"article\" \/>\n<meta property=\"og:title\" content=\"S\u00e9ance photo famille de M. - S\u00e8me le Soleil\" \/>\n<meta property=\"og:description\" content=\"S\u00e9ance en famille pour Marie, son conjoint et leur fils de 4 ans. Promenade amusante sur Saint-Malo avec une vue mer\" \/>\n<meta property=\"og:url\" content=\"https:\/\/semelesoleil-photographie.com\/index.php\/seance-famille-m\/\" \/>\n<meta property=\"og:site_name\" content=\"S\u00e8me le Soleil\" \/>\n<meta property=\"article:modified_time\" content=\"2024-07-31T09:28:33+00:00\" \/>\n<meta name=\"twitter:card\" content=\"summary_large_image\" \/>\n<meta name=\"twitter:label1\" content=\"Dur\u00e9e de lecture estim\u00e9e\" \/>\n\t<meta name=\"twitter:data1\" content=\"1 minute\" \/>\n<script type=\"application\/ld+json\" class=\"yoast-schema-graph\">{\"@context\":\"https:\\\/\\\/schema.org\",\"@graph\":[{\"@type\":\"WebPage\",\"@id\":\"https:\\\/\\\/semelesoleil-photographie.com\\\/index.php\\\/seance-famille-m\\\/\",\"url\":\"https:\\\/\\\/semelesoleil-photographie.com\\\/index.php\\\/seance-famille-m\\\/\",\"name\":\"S\u00e9ance photo famille de M. - S\u00e8me le Soleil\",\"isPartOf\":{\"@id\":\"https:\\\/\\\/semelesoleil-photographie.com\\\/#website\"},\"datePublished\":\"2024-07-07T12:53:28+00:00\",\"dateModified\":\"2024-07-31T09:28:33+00:00\",\"description\":\"S\u00e9ance en famille pour Marie, son conjoint et leur fils de 4 ans. Promenade amusante sur Saint-Malo avec une vue mer\",\"breadcrumb\":{\"@id\":\"https:\\\/\\\/semelesoleil-photographie.com\\\/index.php\\\/seance-famille-m\\\/#breadcrumb\"},\"inLanguage\":\"fr-FR\",\"potentialAction\":[{\"@type\":\"ReadAction\",\"target\":[\"https:\\\/\\\/semelesoleil-photographie.com\\\/index.php\\\/seance-famille-m\\\/\"]}]},{\"@type\":\"BreadcrumbList\",\"@id\":\"https:\\\/\\\/semelesoleil-photographie.com\\\/index.php\\\/seance-famille-m\\\/#breadcrumb\",\"itemListElement\":[{\"@type\":\"ListItem\",\"position\":1,\"name\":\"Accueil\",\"item\":\"https:\\\/\\\/semelesoleil-photographie.com\\\/\"},{\"@type\":\"ListItem\",\"position\":2,\"name\":\"S\u00e9ance photo famille de M.\"}]},{\"@type\":\"WebSite\",\"@id\":\"https:\\\/\\\/semelesoleil-photographie.com\\\/#website\",\"url\":\"https:\\\/\\\/semelesoleil-photographie.com\\\/\",\"name\":\"S\u00e8me le Soleil\",\"description\":\"photographie\",\"publisher\":{\"@id\":\"https:\\\/\\\/semelesoleil-photographie.com\\\/#organization\"},\"potentialAction\":[{\"@type\":\"SearchAction\",\"target\":{\"@type\":\"EntryPoint\",\"urlTemplate\":\"https:\\\/\\\/semelesoleil-photographie.com\\\/?s={search_term_string}\"},\"query-input\":{\"@type\":\"PropertyValueSpecification\",\"valueRequired\":true,\"valueName\":\"search_term_string\"}}],\"inLanguage\":\"fr-FR\"},{\"@type\":\"Organization\",\"@id\":\"https:\\\/\\\/semelesoleil-photographie.com\\\/#organization\",\"name\":\"S\u00e8me le Soleil\",\"url\":\"https:\\\/\\\/semelesoleil-photographie.com\\\/\",\"logo\":{\"@type\":\"ImageObject\",\"inLanguage\":\"fr-FR\",\"@id\":\"https:\\\/\\\/semelesoleil-photographie.com\\\/#\\\/schema\\\/logo\\\/image\\\/\",\"url\":\"https:\\\/\\\/semelesoleil-photographie.com\\\/wp-content\\\/uploads\\\/2026\\\/01\\\/tampon-filigrane-seme-le-soleil-1.png\",\"contentUrl\":\"https:\\\/\\\/semelesoleil-photographie.com\\\/wp-content\\\/uploads\\\/2026\\\/01\\\/tampon-filigrane-seme-le-soleil-1.png\",\"width\":768,\"height\":768,\"caption\":\"S\u00e8me le Soleil\"},\"image\":{\"@id\":\"https:\\\/\\\/semelesoleil-photographie.com\\\/#\\\/schema\\\/logo\\\/image\\\/\"}}]}<\/script>\n<!-- \/ Yoast SEO plugin. -->","yoast_head_json":{"title":"S\u00e9ance photo famille de M. - S\u00e8me le Soleil","description":"S\u00e9ance en famille pour Marie, son conjoint et leur fils de 4 ans. Promenade amusante sur Saint-Malo avec une vue mer","robots":{"index":"index","follow":"follow","max-snippet":"max-snippet:-1","max-image-preview":"max-image-preview:large","max-video-preview":"max-video-preview:-1"},"canonical":"https:\/\/semelesoleil-photographie.com\/index.php\/seance-famille-m\/","og_locale":"fr_FR","og_type":"article","og_title":"S\u00e9ance photo famille de M. - S\u00e8me le Soleil","og_description":"S\u00e9ance en famille pour Marie, son conjoint et leur fils de 4 ans. Promenade amusante sur Saint-Malo avec une vue mer","og_url":"https:\/\/semelesoleil-photographie.com\/index.php\/seance-famille-m\/","og_site_name":"S\u00e8me le Soleil","article_modified_time":"2024-07-31T09:28:33+00:00","twitter_card":"summary_large_image","twitter_misc":{"Dur\u00e9e de lecture estim\u00e9e":"1 minute"},"schema":{"@context":"https:\/\/schema.org","@graph":[{"@type":"WebPage","@id":"https:\/\/semelesoleil-photographie.com\/index.php\/seance-famille-m\/","url":"https:\/\/semelesoleil-photographie.com\/index.php\/seance-famille-m\/","name":"S\u00e9ance photo famille de M. - S\u00e8me le Soleil","isPartOf":{"@id":"https:\/\/semelesoleil-photographie.com\/#website"},"datePublished":"2024-07-07T12:53:28+00:00","dateModified":"2024-07-31T09:28:33+00:00","description":"S\u00e9ance en famille pour Marie, son conjoint et leur fils de 4 ans. Promenade amusante sur Saint-Malo avec une vue mer","breadcrumb":{"@id":"https:\/\/semelesoleil-photographie.com\/index.php\/seance-famille-m\/#breadcrumb"},"inLanguage":"fr-FR","potentialAction":[{"@type":"ReadAction","target":["https:\/\/semelesoleil-photographie.com\/index.php\/seance-famille-m\/"]}]},{"@type":"BreadcrumbList","@id":"https:\/\/semelesoleil-photographie.com\/index.php\/seance-famille-m\/#breadcrumb","itemListElement":[{"@type":"ListItem","position":1,"name":"Accueil","item":"https:\/\/semelesoleil-photographie.com\/"},{"@type":"ListItem","position":2,"name":"S\u00e9ance photo famille de M."}]},{"@type":"WebSite","@id":"https:\/\/semelesoleil-photographie.com\/#website","url":"https:\/\/semelesoleil-photographie.com\/","name":"S\u00e8me le Soleil","description":"photographie","publisher":{"@id":"https:\/\/semelesoleil-photographie.com\/#organization"},"potentialAction":[{"@type":"SearchAction","target":{"@type":"EntryPoint","urlTemplate":"https:\/\/semelesoleil-photographie.com\/?s={search_term_string}"},"query-input":{"@type":"PropertyValueSpecification","valueRequired":true,"valueName":"search_term_string"}}],"inLanguage":"fr-FR"},{"@type":"Organization","@id":"https:\/\/semelesoleil-photographie.com\/#organization","name":"S\u00e8me le Soleil","url":"https:\/\/semelesoleil-photographie.com\/","logo":{"@type":"ImageObject","inLanguage":"fr-FR","@id":"https:\/\/semelesoleil-photographie.com\/#\/schema\/logo\/image\/","url":"https:\/\/semelesoleil-photographie.com\/wp-content\/uploads\/2026\/01\/tampon-filigrane-seme-le-soleil-1.png","contentUrl":"https:\/\/semelesoleil-photographie.com\/wp-content\/uploads\/2026\/01\/tampon-filigrane-seme-le-soleil-1.png","width":768,"height":768,"caption":"S\u00e8me le Soleil"},"image":{"@id":"https:\/\/semelesoleil-photographie.com\/#\/schema\/logo\/image\/"}}]}},"_links":{"self":[{"href":"https:\/\/semelesoleil-photographie.com\/index.php\/wp-json\/wp\/v2\/pages\/445","targetHints":{"allow":["GET"]}}],"collection":[{"href":"https:\/\/semelesoleil-photographie.com\/index.php\/wp-json\/wp\/v2\/pages"}],"about":[{"href":"https:\/\/semelesoleil-photographie.com\/index.php\/wp-json\/wp\/v2\/types\/page"}],"author":[{"embeddable":true,"href":"https:\/\/semelesoleil-photographie.com\/index.php\/wp-json\/wp\/v2\/users\/1"}],"replies":[{"embeddable":true,"href":"https:\/\/semelesoleil-photographie.com\/index.php\/wp-json\/wp\/v2\/comments?post=445"}],"version-history":[{"count":3,"href":"https:\/\/semelesoleil-photographie.com\/index.php\/wp-json\/wp\/v2\/pages\/445\/revisions"}],"predecessor-version":[{"id":640,"href":"https:\/\/semelesoleil-photographie.com\/index.php\/wp-json\/wp\/v2\/pages\/445\/revisions\/640"}],"wp:attachment":[{"href":"https:\/\/semelesoleil-photographie.com\/index.php\/wp-json\/wp\/v2\/media?parent=445"}],"wp:term":[{"taxonomy":"category","embeddable":true,"href":"https:\/\/semelesoleil-photographie.com\/index.php\/wp-json\/wp\/v2\/categories?post=445"}],"curies":[{"name":"wp","href":"https:\/\/api.w.org\/{rel}","templated":true}]}}

Séance photo famille de M.

<div style="width:100%"><div class="wd_error"><p><strong>There is no gallery selected or the gallery was deleted.</strong></p></div></div>



<div class="wp-block-buttons is-content-justification-center is-layout-flex wp-container-core-buttons-is-layout-16018d1d wp-block-buttons-is-layout-flex">
<div class="wp-block-button is-style-outline is-style-outline--1"><a class="wp-block-button__link has-text-align-center wp-element-button" href="https://semelesoleil-photographie.com/index.php/contact/">Je réserve ma séance !</a></div>
</div>

<!-- This site is optimized with the Yoast SEO plugin v27.4 - https://yoast.com/product/yoast-seo-wordpress/ -->
<title>Séance photo famille de M. - Sème le Soleil</title>
<meta name="description" content="Séance en famille pour Marie, son conjoint et leur fils de 4 ans. Promenade amusante sur Saint-Malo avec une vue mer" />
<meta name="robots" content="index, follow, max-snippet:-1, max-image-preview:large, max-video-preview:-1" />
<link rel="canonical" href="https://semelesoleil-photographie.com/index.php/seance-famille-m/" />
<meta property="og:locale" content="fr_FR" />
<meta property="og:type" content="article" />
<meta property="og:title" content="Séance photo famille de M. - Sème le Soleil" />
<meta property="og:description" content="Séance en famille pour Marie, son conjoint et leur fils de 4 ans. Promenade amusante sur Saint-Malo avec une vue mer" />
<meta property="og:url" content="https://semelesoleil-photographie.com/index.php/seance-famille-m/" />
<meta property="og:site_name" content="Sème le Soleil" />
<meta property="article:modified_time" content="2024-07-31T09:28:33+00:00" />
<meta name="twitter:card" content="summary_large_image" />
<meta name="twitter:label1" content="Durée de lecture estimée" />
	<meta name="twitter:data1" content="1 minute" />
<script type="application/ld+json" class="yoast-schema-graph">{"@context":"https:\/\/schema.org","@graph":[{"@type":"WebPage","@id":"https:\/\/semelesoleil-photographie.com\/index.php\/seance-famille-m\/","url":"https:\/\/semelesoleil-photographie.com\/index.php\/seance-famille-m\/","name":"Séance photo famille de M. - Sème le Soleil","isPartOf":{"@id":"https:\/\/semelesoleil-photographie.com\/#website"},"datePublished":"2024-07-07T12:53:28+00:00","dateModified":"2024-07-31T09:28:33+00:00","description":"Séance en famille pour Marie, son conjoint et leur fils de 4 ans. Promenade amusante sur Saint-Malo avec une vue mer","breadcrumb":{"@id":"https:\/\/semelesoleil-photographie.com\/index.php\/seance-famille-m\/#breadcrumb"},"inLanguage":"fr-FR","potentialAction":[{"@type":"ReadAction","target":["https:\/\/semelesoleil-photographie.com\/index.php\/seance-famille-m\/"]}]},{"@type":"BreadcrumbList","@id":"https:\/\/semelesoleil-photographie.com\/index.php\/seance-famille-m\/#breadcrumb","itemListElement":[{"@type":"ListItem","position":1,"name":"Accueil","item":"https:\/\/semelesoleil-photographie.com\/"},{"@type":"ListItem","position":2,"name":"Séance photo famille de M."}]},{"@type":"WebSite","@id":"https:\/\/semelesoleil-photographie.com\/#website","url":"https:\/\/semelesoleil-photographie.com\/","name":"Sème le Soleil","description":"photographie","publisher":{"@id":"https:\/\/semelesoleil-photographie.com\/#organization"},"potentialAction":[{"@type":"SearchAction","target":{"@type":"EntryPoint","urlTemplate":"https:\/\/semelesoleil-photographie.com\/?s={search_term_string}"},"query-input":{"@type":"PropertyValueSpecification","valueRequired":true,"valueName":"search_term_string"}}],"inLanguage":"fr-FR"},{"@type":"Organization","@id":"https:\/\/semelesoleil-photographie.com\/#organization","name":"Sème le Soleil","url":"https:\/\/semelesoleil-photographie.com\/","logo":{"@type":"ImageObject","inLanguage":"fr-FR","@id":"https:\/\/semelesoleil-photographie.com\/#\/schema\/logo\/image\/","url":"https:\/\/semelesoleil-photographie.com\/wp-content\/uploads\/2026\/01\/tampon-filigrane-seme-le-soleil-1.png","contentUrl":"https:\/\/semelesoleil-photographie.com\/wp-content\/uploads\/2026\/01\/tampon-filigrane-seme-le-soleil-1.png","width":768,"height":768,"caption":"Sème le Soleil"},"image":{"@id":"https:\/\/semelesoleil-photographie.com\/#\/schema\/logo\/image\/"}}]}</script>
<!-- / Yoast SEO plugin. -->

Séance photo famille de M. - Sème le Soleil

Séance en famille pour Marie, son conjoint et leur fils de 4 ans. Promenade amusante sur Saint-Malo avec une vue mer

Sème le Soleil
